. Suppose -5*d - l + 162 = -97, -4*l = -3*d + 137. Calculate the greatest common divisor of d and j.
17
Let d(t) = -t + 8. Let x be d(7). Calculate the highest common factor of 1 and x.
1
Suppose -o = -0*o - 3*v + 8, -3*v + 32 = 5*o. Suppose 5*k = 2*d + 68, -5*k - o*d - 1 = -45. What is the highest common divisor of k and 84?
12
Let b be 6/(-9)*-3 + 43. Let i be (-92)/(-3) + 4/(-6). What is the greatest common factor of b and i?
15
Suppose -t - 4*t - 161 = -2*d, -3*t - 81 = -d. Let k = 88 + -62. What is the greatest common divisor of d and k?
26
Let a be -2 + 1 + (-26)/(-2). Calculate the highest common divisor of 60 and a.
12
Let q be ((-140)/8 + -1)*-2 + -4. What is the greatest common factor of q and 363?
33
Let u be 16/(-28)*273/(-6). What is the highest common factor of 312 and u?
26
Let g(t) be the first derivative of -t**3/3 + 5*t**2/2 - t - 21. Suppose 0*k = k - 2. Let n be g(k). Calculate the highest common factor of 2 and n.
1
Suppose 4*x - 5*f = 329, 3*x - 2*f = -32 + 277. Calculate the greatest common factor of 9 and x.
9
Suppose 0*c + c - 2*k - 60 = 0, -4*c + 5*k + 228 = 0. Let r(l) = -21*l + 4. Let n be r(-6). Calculate the greatest common divisor of n and c.
26
Let f be 1/((-9)/15)*-3. Suppose 0 = 4*o - 3*o + y + f, 2*o = 5*y - 24. Let h = -3 - o. Calculate the greatest common factor of 2 and h.
2
Let b(q) = -q**3 - q**2 - 2*q + 1. Let s be b(-2). Suppose -3*v - c = -79, v - 3*c - 87 = -2*v. What is the highest common divisor of s and v?
9
Suppose 0 = 5*k - 7*k. Let n(t) = t + 21. Let x be n(k). What is the highest common factor of x and 14?
7
Let l(m) = m**3 - 6*m**2 - 12*m + 13. Let b be l(8). What is the highest common divisor of b and 18?
9
Let i = -17 - -17. Suppose 5*g = g - 5*w + 185, i = 5*g - 4*w - 262. Calculate the greatest common factor of g and 125.
25
Let q = 348 + -231. What is the greatest common divisor of q and 13?
13
Let b(v) = 15*v**2 + v. Let u be b(1). Calculate the greatest common factor of u and 176.
16
Suppose 0*r + 3*f = -3*r + 192, -253 = -4*r - f. Let i = -8 + 17. Calculate the greatest common divisor of i and r.
9
Let i = 8 - 4. Let g be 1/i + (-7)/(-4). Calculate the highest common divisor of g and 6.
2
Let x = -10 - -8. Let b be (-34)/(-4) - x/4. Let y(t) = t**2 - 6*t + 9. Let d be y(b). Calculate the greatest common divisor of d and 4.
4
Let q = -24 - -25. Calculate the greatest common factor of 1 and q.
1
Let s = -88 + 144. Let u be 1/4 + 14/8. Suppose 0 = 4*l - 4, 3*i - 25 = l - u. What is the greatest common factor of i and s?
8
Let l(k) be the first derivative of k**4/4 - 2*k**3/3 + k**2/2 - 1. Let x be l(2). Let z be x/(-8) - 13/(-4). Calculate the highest common factor of 6 and z.
3
Suppose 0*o + 3*o - 230 = 5*x, x + 1 = 0. What is the greatest common divisor of o and 25?
25
Let h(k) = -k**3 + 7*k**2 + 4*k - 13. Let j be h(7). Let p be (60/18)/((-2)/(-36)). What is the greatest common factor of p and j?
15
Let v(i) be the third derivative of i**4/12 + i**3/6 - 3*i**2. Let w be v(5). What is the greatest common divisor of w and 33?
11
Suppose m + 4*m - 50 = 5*p, -3*m - 2*p + 5 = 0. Suppose -m*j + 90 = -2*j. What is the greatest common divisor of 15 and j?
15
Let n(f) be the third derivative of -f**5/60 + 3*f**4/8 + f**3 + 5*f**2. Let o be n(8). What is the greatest common divisor of 126 and o?
14
Let u(n) = -17*n + 17. Let d be u(-7). Suppose 26 = 2*q - 4*j, 6*q = 2*q - 3*j + 74. Calculate the greatest common divisor of d and q.
17
Let h(d) = -d**3 - 6*d**2 - 6*d. Let l be h(-5). Let p(b) = 4*b + 2. Let u be p(2). Calculate the greatest common factor of l and u.
5
Suppose r - 3*j + 10 + 1 = 0, -j = -5*r + 1. Let l(y) = 8*y**2 - y. Let k be l(r). Let x = -13 + 90. Calculate the greatest common factor of k and x.
7
Let z be (-9)/(-3) + -1*2. Let f(x) = 19*x**2 - x. Let k be f(z). What is the greatest common factor of k and 12?
6
Let n be 0/(2 + -3 + 3). Let r = 92 + -47. Suppose n*b = 5*b - r. Calculate the highest common factor of b and 63.
9
Let u be 22/5 + (-3 - (-52)/20). Let x(c) = c + 9. Let b be x(-5). Calculate the greatest common factor of u and b.
4
Suppose 2*w = 214 - 86. Let i = 18 - 10. What is the highest common divisor of w and i?
8
Let x(b) = -7*b + 5. Let p be x(-3). What is the highest common factor of p and 13?
13
Let k(d) = -36*d**3 + d + 1. Let b be k(-1). Calculate the highest common divisor of b and 12.
12
Let p = -36 + 60. Let n be p - (-1 + 3 - 2). Let z = -45 + 105. Calculate the greatest common factor of z and n.
12
Let y(h) = h + 3. Let n be y(10). Suppose 5*u = 4*j - 9, 2*j + 5*u - 40 = -n. Let v = -2 - -11. Calculate the highest common factor of j and v.
3
Let v be (6 + -3)*20/6. Let n = v + 23. What is the greatest common factor of 3 and n?
3
Suppose 0 = -4*p - 0*b + 5*b + 165, 0 = -2*p - 2*b + 78. Suppose 0 = -324*n + 330*n - 600. Calculate the highest common factor of n and p.
20
Let j be (12/(-2))/(3/(-9)). What is the greatest common factor of j and 234?
18
Let o = 35 - 18. What is the greatest common divisor of o and 85?
17
Let s = 8 - 4. Calculate the highest common divisor of 1 and s.
1
Suppose -c - 2*g + 222 = c, -5*c + 4*g + 600 = 0. Let v = c - 222. Let t = v - -178. Calculate the highest common factor of 9 and t.
9
Suppose -5*r - h = -140, -h + 21 = 4*r - 92. Suppose -11 = -5*s - 6. Let v = s - -8. Calculate the highest common factor of v and r.
9
Let v = 5 + -2. Let j(u) = 7*u**2 + u**v + 0*u**3 - 2*u**3 + 3*u - 10. Let d be j(7). Calculate the highest common factor of d and 44.
11
Let i be (-1)/(-3) + 286/6. Suppose 0 = -l + 3*l - z - 17, -2*l + 2*z + 22 = 0. Calculate the highest common factor of i and l.
6
Suppose -105 - 315 = -12*y. Calculate the highest common factor of y and 14.
7
Suppose 0*d + m = 2*d - 3, -d + 6 = m. Let t(n) = 24*n. Let p be t(d). Calculate the highest common divisor of 9 and p.
9
Let d be 21574/207 - (-2)/(-9). Calculate the greatest common factor of 26 and d.
26
Let j(p) = 2*p - 4. Let m be j(9). Let i = 31 + m. Suppose -4*k + 2 = -18. What is the highest common factor of k and i?
5
Suppose 3*s - 72 + 45 = 0. Calculate the greatest common divisor of s and 225.
9
Suppose 4*a = 5*k - 4, -5*k + 3*a = -3 - 5. Suppose -3*v - 1 = -k*v. Let s = 7 + v. What is the highest common factor of s and 4?
4
Let s = 31 + 158. What is the highest common divisor of s and 27?
27
Let d = 3 - 0. Suppose -d*c + 57 + 9 = 0. What is the greatest common factor of c and 154?
22
Let h = 25 - 18. Let v be -96 - (2*-1 - -1). Let f = v - -158. Calculate the greatest common factor of h and f.
7
Suppose 5*t - 4*i - 36 = t, -3 = -t + 3*i. What is the greatest common factor of 30 and t?
6
Let d(p) = 11*p - 1. Let v be d(1). Let m be 4/v + (-62)/5. Let n = -7 - m. What is the greatest common divisor of 55 and n?
5
Let o(t) = -t**3 - 7*t**2 - t + 9. Let m be o(-7). Suppose -28 = -2*c + 20. What is the greatest common divisor of c and m?
8
Suppose 5*c - 36 = c. Let p = c + -8. What is the highest common factor of p and 10?
1
Let q be 1/((3 + -8)/(-20)). What is the highest common divisor of q and 124?
4
Suppose 4*l - 54 - 22 = -c, -2*l = 5*c - 308. Calculate the highest common divisor of c and 48.
12
Suppose -4*h + 2*p + 55 = -3*h, 0 = -h - 2*p + 59. Calculate the highest common divisor of 19 and h.
19
Let b be (35/4)/(-5)*(2 - 6). Calculate the greatest common factor of 7 and b.
7
Let d(g) = 3*g. Let u be d(1). Let f = u + -2. What is the greatest common divisor of f and 5?
1
Suppose -2*s = 2*i, 18 = -3*s + 5*s - 4*i. Suppose 2*a = -2*a + 3*w + 59, s*w = -3*a + 39. Calculate the greatest common factor of a and 14.
14
Suppose 4*f + 1 = 289. Suppose n = 2*n - 5*i + 12, -4*i + 40 = 3*n. What is the greatest common factor of n and f?
8
Suppose t = -0*t + 6. What is the greatest common factor of 15 and t?
3
Let y(q) = q - 1. Let f be y(9). Suppose 5*r = 5*h - 205, 0*h - 3*r = 2*h - 92. Let p = 75 - h. What is the greatest common factor of p and f?
8
Let g = 26 + -15. Calculate the greatest common factor of 99 and g.
11
Let s be 2/((-6)/(-3 - -6)). Let b be (-14 - s)*(-4 + 3). What is the highest common divisor of b and 26?
13
Suppose -4*x + 23 = -5. Suppose s = -3*o + 332, 0 = -2*s - x - 1. Let v be (0 + -4)/((-2)/7). Calculate the highest common factor of o an